553
In base 16, what is -d + -9fe?
-a0b
In base 15, what is 104c + -10?
103c
In base 16, what is -1 - 2182?
-2183
In base 12, what is 40802 - 4?
407ba
In base 12, what is 172 - 1511?
-135b
In base 6, what is -1 + -250542?
-250543
In base 4, what is 1 - 331333302?
-331333301
In base 2, what is -1000000011000 - -111100?
-111111011100
In base 16, what is 19 + -2b?
-12
In base 6, what is 3421 - 55?
3322
In base 4, what is 30200132 + -3?
30200123
In base 8, what is -604 + 307?
-275
In base 9, what is 2 - -16733?
16735
In base 8, what is -11 + 1755?
1744
In base 16, what is -215 - -582?
36d
In base 15, what is -e00 - -30?
-dc0
In base 3, what is -220202121100 + 21?
-220202121002
In base 5, what is -1 - 4400104?
-4400110
In base 16, what is 290 - 38?
258
In base 13, what is 2 - -1ab424?
1ab426
In base 11, what is 3196 - -308?
34a3
In base 13, what is -27 - 8cb9?
-9013
In base 7, what is 656430 - -10?
656440
In base 3, what is 10202000000 - 11?
10201222212
In base 16, what is -2ce + -ac6?
-d94
In base 13, what is -397a2 - 1?
-397a3
In base 9, what is 3 - 43402?
-43388
In base 12, what is -168a + 4?
-1686
In base 14, what is -3cd + -3256?
-3645
In base 10, what is -2762 - -8?
-2754
In base 16, what is -d74 - -c4?
-cb0
In base 10, what is -9174 + -304?
-9478
In base 8, what is 236 - -256?
514
In base 7, what is -1530 - 511?
-2341
In base 16, what is 47874 - -1?
47875
In base 13, what is 2 - -b9c25?
b9c27
In base 13, what is c55 + 3?
c58
In base 8, what is 13362 - 1040?
12322
In base 15, what is 7b + 105c?
10d8
In base 4, what is 3 + -21201130?
-21201121
In base 12, what is 83 + 5a5?
668
In base 3, what is -201222211120 - 12?
-201222211202
In base 13, what is -2 - -2a69c?
2a69a
In base 16, what is -29eb + -d?
-29f8
In base 11, what is a + 1913?
1922
In base 16, what is -6 + -67d4?
-67da
In base 8, what is -12 - -167553?
167541
In base 13, what is -410 + -1c5a?
-236a
In base 8, what is -1132 + -177?
-1331
In base 14, what is 1997 - -17?
19b0
In base 16, what is -2 + 588d?
588b
In base 6, what is -31 + 221511?
221440
In base 8, what is 164213 - 52?
164141
In base 13, what is -442 + 85?
-38a
In base 9, what is 182056 + 2?
182058
In base 16, what is -147 + -3?
-14a
In base 3, what is -2021221 + 100221?
-1221000
In base 10, what is -185701 - -21?
-185680
In base 6, what is -13434 + 114?
-13320
In base 13, what is -1879 + 14?
-1865
In base 2, what is 1100101 + -1001010010?
-111101101
In base 7, what is 40 - 25154?
-25114
In base 15, what is 1641b + 0?
1641b
In base 14, what is 281 + 407?
688
In base 3, what is 1212 - 2211?
-222
In base 12, what is -5a0 - 728?
-1108
In base 5, what is -233 + 110111?
104323
In base 6, what is -1 - -1124035?
1124034
In base 12, what is 1a0655 - 1?
1a0654
In base 8, what is -6 + -26233?
-26241
In base 13, what is -2454ca + -4?
-245501
In base 12, what is -30a6009 - 5?
-30a6012
In base 16, what is 343 - -d9?
41c
In base 9, what is 2 + 27420?
27422
In base 7, what is -6034242 + 1?
-6034241
In base 10, what is 2 + 2731?
2733
In base 8, what is 102674 - -30?
102724
In base 14, what is 5 + c?
13
In base 7, what is -11226425 + -2?
-11226430
In base 5, what is -1 + -2334010?
-2334011
In base 8, what is -11547 + -65?
-11634
In base 9, what is 140346 - 1?
140345
In base 5, what is -10 - 10030?
-10040
In base 2, what is 1000 + -1011000100010?
-1011000011010
In base 8, what is -526 + 63?
-443
In base 7, what is 502012 - 2?
502010
In base 12, what is 23556 - -1?
23557
In base 16, what is 1dfc9 - f?
1dfba
In base 6, what is 1 + 1054355?
1054400
In base 16, what is -2fc - 1c?
-318
In base 9, what is -1 + 6011?
6010
In base 14, what is 14a07 + 29?
14a32
In base 7, what is 5 - 22501?
-22463
In base 9, what is -1404 + -6?
-1411
In base 15, what is 36 + 167?
19d
In base 12, what is 4 + -7933?
-792b
In base 3, what is -100010012 + 2?
-100010010
In base 6, what is -23 - 1113530?
-1113553
In base 8, what is 5 - 135366?
-135361
In base 10, what is -38653 - -3?
-38650
In base 3, what is 202 + -100020021122?
-100020020220
In base 5, what is -2 - -1121?
1114
In base 12, what is -3 - 4151?
-4154
In base 12, what is 1 - 454b?
-454a
In base 6, what is 1051 + -1242?
-151
In base 9, what is 586 + -628?
-32
In base 11, what is -113 + -20141?
-20254
In base 14, what is 23a4 + -6?
239c
In base 11, what is -16 - -388?
372
In base 14, what is -12990 + 3?
-1298b
In base 2, what is 11010000111010010 - 10?
11010000111010000
In base 7, what is 24320 - -555?
25205
In base 5, what is -24 - -430130?
430101
In base 13, what is -75 - -11ac?
1137
In base 14, what is a21 - 97?
968
In base 7, what is 5 + 11365?
11403
In base 2, what is 1010000 - -11000000?
100010000
In base 5, what is 423314 - -10?
423324
In base 9, what is 3267 - 14?
3253
In base 2, what is -11 - -10000011011100101?
10000011011100010
In base 7, what is -34 - 1416?
-1453
In base 2, what is 10011100 - 1010011110000?
-1010001010100
In base 5, what is -243223 - 1123?
-244401
In base 7, what is 31210 + 6?
31216
In base 9, what is 3 + -23404?
-23401
In base 6, what is 1522112 - -2?
1522114
In base 7, what is 13363 + -6?
13354
In base 8, what is 1210257 - 3?
1210254
In base 9, what is 282 - -378?
671
In base 15, what is -3 - -1373?
1370
In base 15, what is -52ccd - 0?
-52ccd
In base 8, what is -6 - -151144?
151136
In base 14, what is 420 + -5c?
3a2
In base 10, what is 1297 - 75?
1222
In base 9, what is 50272 - 7?
50264
In base 6, what is -3 - -254120?
254113
In base 8, what is 0 - -131301?
131301
In base 7, what is -13025 + 223?
-12502
In base 5, what is -304 + -1341?
-2200
In base 11, what is -1 + 10564a?
105649
In base 12, what is -4 + -59a54?
-59a58
In base 3, what is 220011222 + 101100?
220120022
In base 10, what is -155431 + 5?
-155426
In base 11, what is 1044 + 57?
10a0
In base 12, what is 51 + 428?
479
In base 11, what is 35534 - -15?
35549
In base 10, what is -3 + -20906?
-20909
In base 14, what is -11 - -1229?
1218
In base 11, what is -1 + 40342?
40341
In base 7, what is -201 + -3461?
-3662
In base 2, what is 1000110 + -1011001000010?
-1010111111100
In base 16, what is -b0 + -861?
-911
In base 7, what is 0 + -16204?
-16204
In base 12, what is -29480 + 2?
-2947a
In base 11, what is 3 + 8687?
868a
In base 9, what is 8826 - -3?
8830
In base 5, what is 2003 + -1003?
1000
In base 6, what is -241152 + -3?
-241155
In base 9, what is -307 - -5441?
5133
In base 12, what is -34 - -a3?
6b
In base 12, what is 3409897 + -4?
3409893
In base 9, what is -53 - -1341?
1277
In base 4, what is -20020 + -2032?
-22112
In base 4, what is -1323011322 + 1?
-1323011321
In base 3, what is 2211001210 - 0?
2211001210
In base 12, what is -2b56 + 367?
-27ab
In base 14, what is 148788 - -4?
14878c
In base 9, what is -225583 + 25?
-225557
In base 2, what is -100 + 1101111100010100?
1101111100010000
In base 11, what is -175 + 10804?
1063a
In base 10, what is -5 + 13620?
13615
In base 10, what is 769 + 393?
1162
In base 8, what is 2 + -305170?
-305166
In base 10, what is 8 - 10212?
-10204
In base 10, what is -5 + 17793?
17788
In base 2, what is 110101100 + 100011?
111001111
In base 6, what is -1320524 - 12?
-1320540
In base 12, what is -6 - 8197?
-81a1
In base 15, what is -130d - -43a?
-dc3
In base 2, what is -1 + 1101010101011?
1101010101010
In base 9, what is -43 - 5780?
-5833
In base 14, what is 5dc - -13?
611
In base 13, what is 4 - 192c6?
-192c2
In base 2, what is -101 + -100000000000000?
-100000000000101
In base 8, what is -2213466 - 0?
-2213466
In base 12, what is 0 + -32a53a?
-32a53a
In base 7, what is 22 - 1000014?
-666662
In base 2, what is -1100010000101100 - 110011?
-1100010001011111
In base 13, what is -a + 7487?
747a
In base 5, what is 123032 + 102?
123134
In base 6, what is 34403 + -24?
34335
In base 8, what is -11520 + 23?
-11475
In base 4, what is 21120332 - 2?
21120330
In base 9, what is -12 + 266746?
266734
In base 13, what is -17 - 8ca6?
-8cc0
In base 2, what is 1101 + -1000000011100?
-1000000001111
In base 12, what is -3bab2 - 9?
-3babb
In base 16, what is -eb + 4c?
-9f
In base 3, what is 102221 - 1?
102220
In base 6, what is 200 - -5130?
5330
In base 7, what is 34050 + 4?
34054
In base 10, what is 9146 + 5?
9151
In base 6, what is -134 - 1413?
-1551
In base 3, what is 11121 + -2002121200?
-2002110002
In base 3, wha